859?
3
What is the highest common factor of 12138 and 1687?
7
What is the greatest common factor of 154954 and 1?
1
Calculate the highest common factor of 24702 and 92.
46
What is the greatest common factor of 12877 and 163?
163
Calculate the highest common factor of 111 and 3710397.
111
Calculate the greatest common factor of 2839 and 238.
17
Calculate the highest common factor of 12267 and 8091.
261
What is the greatest common divisor of 2478 and 2301?
177
What is the greatest common divisor of 52246 and 453?
151
Calculate the highest common divisor of 1068 and 507567.
267
Calculate the greatest common factor of 16281888 and 21.
21
Calculate the greatest common divisor of 4153672 and 376.
376
Calculate the highest common factor of 76 and 37354.
38
What is the greatest common factor of 3293 and 23941?
89
Calculate the greatest common factor of 7801 and 83659.
269
Calculate the greatest common factor of 605862 and 4850.
194
What is the highest common factor of 1209 and 637?
13
What is the greatest common factor of 8246 and 992?
62
Calculate the highest common divisor of 202 and 1583478.
202
What is the greatest common divisor of 198 and 42030?
18
What is the highest common divisor of 739998 and 18?
18
Calculate the highest common divisor of 30785 and 62225.
655
What is the highest common divisor of 63 and 118251?
63
What is the greatest common factor of 21 and 53319?
21
What is the highest common factor of 191441 and 1?
1
What is the greatest common divisor of 430 and 1075?
215
Calculate the highest common divisor of 6534 and 10692.
594
Calculate the highest common divisor of 7738 and 25334.
106
What is the greatest common factor of 42 and 40026?
42
What is the greatest common factor of 178511 and 10412?
137
Calculate the highest common divisor of 6 and 813738.
6
Calculate the highest common factor of 2603 and 19.
19
What is the highest common factor of 80 and 3548260?
20
What is the highest common factor of 234 and 53118?
234
Calculate the highest common divisor of 708 and 76346.
118
Calculate the highest common divisor of 16095 and 865.
5
Calculate the highest common factor of 9 and 73017.
9
Calculate the greatest common factor of 762 and 6936486.
762
Calculate the greatest common divisor of 146 and 2167078.
146
Calculate the highest common divisor of 352498 and 1150.
46
What is the highest common divisor of 153 and 2367?
9
Calculate the highest common factor of 44 and 4658.
2
What is the highest common factor of 21054 and 935?
11
What is the highest common divisor of 185418 and 153?
9
What is the highest common divisor of 84 and 23472?
12
Calculate the highest common factor of 471040 and 230.
230
Calculate the highest common factor of 484 and 23804.
44
What is the greatest common factor of 142999 and 174?
29
What is the greatest common divisor of 485 and 45299?
97
What is the highest common divisor of 10126 and 2196?
122
What is the greatest common divisor of 5 and 91535?
5
What is the greatest common divisor of 30 and 85205?
5
What is the highest common factor of 1534 and 22774?
118
What is the highest common divisor of 6489 and 131119?
103
What is the highest common factor of 1273 and 9386?
19
What is the greatest common divisor of 25 and 23590?
5
Calculate the highest common divisor of 30816 and 214.
214
Calculate the highest common divisor of 10236 and 48.
12
What is the highest common divisor of 40541 and 1988?
71
What is the highest common factor of 355356 and 90?
18
What is the highest common factor of 759 and 160425?
69
Calculate the highest common divisor of 1311 and 3312.
69
Calculate the greatest common divisor of 341 and 32758.
11
Calculate the greatest common factor of 482113 and 445.
89
What is the greatest common factor of 40 and 7242840?
40
What is the greatest common factor of 96115 and 2115?
235
Calculate the highest common divisor of 302 and 92261.
151
What is the highest common factor of 402102 and 3765?
753
Calculate the greatest common divisor of 562 and 482758.
562
What is the highest common factor of 145195 and 1420?
355
What is the highest common factor of 1390 and 1910?
10
What is the greatest common factor of 3 and 2496?
3
Calculate the highest common divisor of 544 and 306528.
32
Calculate the greatest common factor of 68 and 11314928.
68
What is the greatest common factor of 430222 and 26?
26
Calculate the greatest common factor of 4541 and 475.
19
Calculate the greatest common factor of 126 and 63378.
126
Calculate the greatest common factor of 566 and 2824623.
283
Calculate the greatest common divisor of 265421 and 221.
221
Calculate the highest common divisor of 599010 and 615.
615
What is the highest common factor of 758780 and 40?
20
Calculate the greatest common factor of 233 and 2072069.
233
What is the highest common factor of 100 and 57100?
100
Calculate the greatest common divisor of 4825 and 6176.
193
Calculate the greatest common factor of 457 and 43.
1
What is the greatest common factor of 616 and 385462?
154
What is the highest common divisor of 49 and 1198589?
49
What is the highest common divisor of 238485 and 780?
195
Calculate the greatest common factor of 392303 and 762.
127
What is the highest common factor of 427 and 1988?
7
Calculate the highest common factor of 28 and 179956.
28
Calculate the greatest common divisor of 5175 and 4600.
575
Calculate the greatest common factor of 1284 and 14552.
428
Calculate the greatest common factor of 126407 and 1691.
19
What is the highest common divisor of 17800 and 2200?
200
Calculate the greatest common divisor of 1421 and 10237.
29
Calculate the greatest common divisor of 325 and 15080.
65
What is the highest common factor of 12627 and 828?
207
Calculate the greatest common factor of 140131 and 17.
17
Calculate the greatest common divisor of 1918 and 6165.
137
What is the greatest common divisor of 2797 and 5?
1
What is the highest common divisor of 8 and 124624?
8
Calculate the greatest common factor of 216 and 462888.
216
Calculate the highest common divisor of 4650 and 1077560.
310
Calculate the highest common divisor of 66504 and 96.
24
What is the greatest common divisor of 30 and 3386?
2
What is the highest common factor of 696790 and 590?
590
What is the highest common factor of 55 and 108785?
5
Calculate the greatest common factor of 86 and 12031529.
43
What is the greatest common divisor of 979961 and 115?
23
What is the greatest common divisor of 398 and 120?
2
What is the highest common factor of 948 and 132?
12
What is the highest common divisor of 6636 and 1344?
84
What is the highest common factor of 346 and 310881?
173
Calculate the highest common factor of 62688 and 6.
6
Calculate the greatest common factor of 6000 and 1376.
16
Calculate the greatest common divisor of 96 and 80592.
48
Calculate the highest common divisor of 660 and 84447.
33
What is the greatest common factor of 1262391 and 39?
39
Calculate the greatest common factor of 4995 and 28080.
135
What is the greatest common factor of 7 and 84511?
7
Calculate the highest common factor of 255 and 1260.
15
Calculate the greatest common factor of 2664 and 80253.
333
Calculate the greatest common divisor of 2 and 1301908.
2
What is the greatest common factor of 30 and 21200?
10
Calculate the highest common factor of 504124 and 4.
4
Calculate the greatest common divisor of 1391 and 1053.
13
What is the highest common divisor of 417 and 228099?
417
Calculate the greatest common factor of 45 and 258276.
3
Calculate the greatest common divisor of 29329 and 834.
139
What is the greatest common factor of 1554 and 2629109?
259
What is the highest common factor of 4606 and 441?
49
Calculate the highest common divisor of 2881 and 1273.
67
Calculate the greatest common factor of 1605 and 214535.
535
What is the greatest common factor of 53248 and 468?
52
Calculate the greatest common factor of 7 and 353.
1
What is the greatest common factor of 18 and 580698?
18
What is the greatest common divisor of 130697 and 7?
7
Calculate the highest common factor of 11254 and 7613.
331
Calculate the greatest common factor of 1333 and 177847.
31
Calculate the highest common factor of 72 and 174.
6
Calculate the highest common factor of 4512 and 2304.
96
Calculate the greatest common divisor of 36 a